{"id":50,"date":"2017-09-28T13:22:24","date_gmt":"2017-09-28T13:22:24","guid":{"rendered":"http:\/\/theater-unna.de\/?page_id=50"},"modified":"2023-07-02T16:17:41","modified_gmt":"2023-07-02T16:17:41","slug":"arte-flessibile","status":"publish","type":"page","link":"https:\/\/andreasgilles.de\/?page_id=50","title":{"rendered":"ARTE flessibile"},"content":{"rendered":"<p><img loading=\"lazy\" decoding=\"async\" class=\"size-medium wp-image-51 alignright\" src=\"http:\/\/theater-unna.de\/wp-content\/uploads\/2017\/09\/Arte-von-oben-4-300x225.jpg\" alt=\"\" width=\"300\" height=\"225\" srcset=\"https:\/\/andreasgilles.de\/wp-content\/uploads\/2017\/09\/Arte-von-oben-4-300x225.jpg 300w, https:\/\/andreasgilles.de\/wp-content\/uploads\/2017\/09\/Arte-von-oben-4-768x576.jpg 768w, https:\/\/andreasgilles.de\/wp-content\/uploads\/2017\/09\/Arte-von-oben-4-1024x768.jpg 1024w\" sizes=\"auto, (max-width: 300px) 100vw, 300px\" \/>ARTE flessibile war das Improvisationstheaterensemble von Andreas Gilles, Jens Hoppe und Thomas Kreklau. Es bestand von 2000 bis 2023.<\/p>\n<p>Im September 2000 gr\u00fcndeten Andreas Gilles und Jens Hoppe gemeinsam das Theater der Improvisationen ARTE flessibile in L\u00fcnen. Kurze Zeit sp\u00e4ter stie\u00df dann noch Thomas Kreklau hinzu und das Ensemble in seiner endg\u00fcltigen Form war komplett.<\/p>\n<p>ARTE flessibile unterhielt sein Publikum mit den verschiedensten Formen des improvisierten Theaters und zahlreichen verschiedenen Programmen. Zu den Kunden des Theaters z\u00e4hlten Organisationen und Firmen aus allen gesellschaftlichen und wirtschaftlichen Bereichen. Au\u00dferdem veranstaltete ARTE flessibile seit 2009 Impro-Shows in seinem eigenen Zimmertheater in Werne.<\/p>\n<p>Highlights waren unter anderem die Veranstaltungsreihe &#8222;Impro trifft&#8230;!&#8220; im Hansesaal in L\u00fcnen in Zusammenarbeit mit dem Kulturb\u00fcro L\u00fcnen und die allj\u00e4hrlichen Shows unter dem Titel &#8222;Komma lecka beim Advent&#8220;, die regelm\u00e4\u00dfig in der Adventszeit in der Alten Kaffeer\u00f6sterei L\u00fcnen stattfanden.<\/p>\n","protected":false},"excerpt":{"rendered":"<p>ARTE flessibile war das Improvisationstheaterensemble von Andreas Gilles, Jens Hoppe und Thomas Kreklau. Es bestand von 2000 bis 2023. Im September 2000 gr\u00fcndeten Andreas Gilles und Jens Hoppe gemeinsam das Theater der Improvisationen ARTE flessibile in L\u00fcnen. Kurze Zeit sp\u00e4ter stie\u00df dann noch Thomas Kreklau hinzu und das Ensemble in seiner endg\u00fcltigen Form war komplett. [&hellip;]<\/p>\n","protected":false},"author":1,"featured_media":51,"parent":0,"menu_order":0,"comment_status":"closed","ping_status":"closed","template":"","meta":{"footnotes":""},"class_list":["post-50","page","type-page","status-publish","has-post-thumbnail","hentry"],"_links":{"self":[{"href":"https:\/\/andreasgilles.de\/index.php?rest_route=\/wp\/v2\/pages\/50","targetHints":{"allow":["GET"]}}],"collection":[{"href":"https:\/\/andreasgilles.de\/index.php?rest_route=\/wp\/v2\/pages"}],"about":[{"href":"https:\/\/andreasgilles.de\/index.php?rest_route=\/wp\/v2\/types\/page"}],"author":[{"embeddable":true,"href":"https:\/\/andreasgilles.de\/index.php?rest_route=\/wp\/v2\/users\/1"}],"replies":[{"embeddable":true,"href":"https:\/\/andreasgilles.de\/index.php?rest_route=%2Fwp%2Fv2%2Fcomments&post=50"}],"version-history":[{"count":4,"href":"https:\/\/andreasgilles.de\/index.php?rest_route=\/wp\/v2\/pages\/50\/revisions"}],"predecessor-version":[{"id":251,"href":"https:\/\/andreasgilles.de\/index.php?rest_route=\/wp\/v2\/pages\/50\/revisions\/251"}],"wp:featuredmedia":[{"embeddable":true,"href":"https:\/\/andreasgilles.de\/index.php?rest_route=\/wp\/v2\/media\/51"}],"wp:attachment":[{"href":"https:\/\/andreasgilles.de\/index.php?rest_route=%2Fwp%2Fv2%2Fmedia&parent=50"}],"curies":[{"name":"wp","href":"https:\/\/api.w.org\/{rel}","templated":true}]}}