{"id":17,"date":"2017-09-26T15:49:37","date_gmt":"2017-09-26T15:49:37","guid":{"rendered":"http:\/\/theater-unna.de\/?page_id=17"},"modified":"2024-11-17T19:36:35","modified_gmt":"2024-11-17T19:36:35","slug":"index","status":"publish","type":"page","link":"https:\/\/andreasgilles.de\/?page_id=17","title":{"rendered":"Zur Person"},"content":{"rendered":"<p><strong><img loading=\"lazy\" decoding=\"async\" class=\"alignright wp-image-35 size-medium\" src=\"https:\/\/andreasgilles.de\/wp-content\/uploads\/2017\/09\/Andreas-Gilles-08.12-3-225x300.jpg\" alt=\"\" width=\"225\" height=\"300\" srcset=\"https:\/\/andreasgilles.de\/wp-content\/uploads\/2017\/09\/Andreas-Gilles-08.12-3-225x300.jpg 225w, https:\/\/andreasgilles.de\/wp-content\/uploads\/2017\/09\/Andreas-Gilles-08.12-3-768x1024.jpg 768w, https:\/\/andreasgilles.de\/wp-content\/uploads\/2017\/09\/Andreas-Gilles-08.12-3.jpg 1536w\" sizes=\"auto, (max-width: 225px) 100vw, 225px\" \/><\/strong>Andreas Gilles ist seit 1991 als selbstst\u00e4ndiger K\u00fcnstler in den unterschiedlichsten Bereichen t\u00e4tig.<\/p>\n<p>Als Theaterp\u00e4dagoge, Schauspieler und Regisseur arbeitet er mit verschiedenen Institutionen und Organisationen zusammen. Dabei greift er auf die Techniken des Improvistionstheaters zur\u00fcck und inszeniert Theater- und Musiktheaterprojekte \u00a0mit Profis und Laien aller Altersgruppen. Weitere Schwerpunkte sind die T\u00e4tigkeit in der Pr\u00e4vention gegen sexuellen Missbrauch f\u00fcr die theaterp\u00e4dagogische werkstatt gGmbH und die Durchf\u00fchrung individuell zugeschnittener Workshops.<\/p>\n<p>Im eigenen Projektstudio audio-ag.de produziert er Audioaufnahmen klassischer Live-Konzerte und kleinere Studioprojekte. Bei Produktionen mit Kindertageseinrichtungen und Schulen nutzt er seine Erfahrungen aus der theaterp\u00e4dagogischen Arbeit und erm\u00f6glicht so erstaunliche Ergebnisse.<\/p>\n","protected":false},"excerpt":{"rendered":"<p>Andreas Gilles ist seit 1991 als selbstst\u00e4ndiger K\u00fcnstler in den unterschiedlichsten Bereichen t\u00e4tig. Als Theaterp\u00e4dagoge, Schauspieler und Regisseur arbeitet er mit verschiedenen Institutionen und Organisationen zusammen. Dabei greift er auf die Techniken des Improvistionstheaters zur\u00fcck und inszeniert Theater- und Musiktheaterprojekte \u00a0mit Profis und Laien aller Altersgruppen. Weitere Schwerpunkte sind die T\u00e4tigkeit in der Pr\u00e4vention gegen [&hellip;]<\/p>\n","protected":false},"author":1,"featured_media":35,"parent":0,"menu_order":0,"comment_status":"closed","ping_status":"closed","template":"","meta":{"footnotes":""},"class_list":["post-17","page","type-page","status-publish","has-post-thumbnail","hentry"],"_links":{"self":[{"href":"https:\/\/andreasgilles.de\/index.php?rest_route=\/wp\/v2\/pages\/17","targetHints":{"allow":["GET"]}}],"collection":[{"href":"https:\/\/andreasgilles.de\/index.php?rest_route=\/wp\/v2\/pages"}],"about":[{"href":"https:\/\/andreasgilles.de\/index.php?rest_route=\/wp\/v2\/types\/page"}],"author":[{"embeddable":true,"href":"https:\/\/andreasgilles.de\/index.php?rest_route=\/wp\/v2\/users\/1"}],"replies":[{"embeddable":true,"href":"https:\/\/andreasgilles.de\/index.php?rest_route=%2Fwp%2Fv2%2Fcomments&post=17"}],"version-history":[{"count":7,"href":"https:\/\/andreasgilles.de\/index.php?rest_route=\/wp\/v2\/pages\/17\/revisions"}],"predecessor-version":[{"id":265,"href":"https:\/\/andreasgilles.de\/index.php?rest_route=\/wp\/v2\/pages\/17\/revisions\/265"}],"wp:featuredmedia":[{"embeddable":true,"href":"https:\/\/andreasgilles.de\/index.php?rest_route=\/wp\/v2\/media\/35"}],"wp:attachment":[{"href":"https:\/\/andreasgilles.de\/index.php?rest_route=%2Fwp%2Fv2%2Fmedia&parent=17"}],"curies":[{"name":"wp","href":"https:\/\/api.w.org\/{rel}","templated":true}]}}